 3) to base 2
-10
2 (base 13) to base 2
10
-18 (base 11) to base 5
-34
Convert 1021 (base 3) to base 12.
2a
-25 (base 10) to base 16
-19
What is 21 (base 15) in base 12?
27
What is -29 (base 15) in base 11?
-36
-100 (base 2) to base 12
-4
What is -35 (base 14) in base 4?
-233
-12 (base 15) to base 5
-32
What is -101000 (base 2) in base 14?
-2c
What is 12211 (base 3) in base 10?
157
What is 110 (base 6) in base 16?
2a
Convert -221 (base 8) to base 4.
-2101
Convert a (base 16) to base 15.
a
What is -10001 (base 2) in base 3?
-122
Convert -83 (base 9) to base 5.
-300
What is 120 (base 3) in base 11?
14
e (base 15) to base 5
24
155 (base 9) to base 8
203
-4 (base 11) to base 15
-4
-90 (base 14) to base 11
-105
What is -9 (base 15) in base 7?
-12
Convert -310 (base 4) to base 2.
-110100
Convert -48 (base 12) to base 15.
-3b
What is -2 (base 15) in base 6?
-2
What is -179 (base 12) in base 2?
-11101101
Convert -1112 (base 4) to base 13.
-68
What is -6 (base 11) in base 8?
-6
1 (base 7) to base 9
1
What is -e (base 16) in base 6?
-22
0 (base 7) to base 13
0
1 (base 4) to base 2
1
-4 (base 12) to base 2
-100
-1 (base 13) to base 4
-1
102 (base 3) to base 10
11
What is 17 (base 10) in base 8?
21
Convert -31 (base 10) to base 14.
-23
-135 (base 6) to base 5
-214
Convert -73 (base 10) to base 12.
-61
Convert -22 (base 3) to base 8.
-10
20 (base 5) to base 10
10
Convert 34 (base 8) to base 15.
1d
What is -53 (base 15) in base 13?
-60
11110110 (base 2) to base 16
f6
What is -2312 (base 5) in base 7?
-653
13 (base 13) to base 15
11
112 (base 5) to base 14
24
What is -1011 (base 2) in base 9?
-12
What is -42 (base 16) in base 10?
-66
42 (base 13) to base 6
130
-7 (base 13) to base 10
-7
What is -4 (base 8) in base 5?
-4
Convert -6 (base 9) to base 12.
-6
What is 1000 (base 4) in base 3?
2101
What is 4 (base 15) in base 3?
11
Convert 112 (base 4) to base 6.
34
What is -83 (base 15) in base 3?
-11120
1022 (base 4) to base 12
62
Convert -2a (base 13) to base 8.
-44
Convert 14 (base 6) to base 5.
20
Convert 3 (base 14) to base 12.
3
Convert -3 (base 7) to base 9.
-3
-100 (base 2) to base 5
-4
-59 (base 11) to base 4
-1000
Convert -17 (base 15) to base 13.
-19
102 (base 3) to base 10
11
Convert -510 (base 8) to base 10.
-328
Convert -a (base 16) to base 3.
-101
Convert -39 (base 13) to base 8.
-60
Convert 232 (base 8) to base 4.
2122
4 (base 15) to base 7
4
-1 (base 7) to base 14
-1
Convert -1 (base 8) to base 7.
-1
What is 11 (base 5) in base 6?
10
Convert -1c (base 15) to base 7.
-36
What is 66 (base 7) in base 2?
110000
-13 (base 9) to base 16
-c
What is -19 (base 10) in base 7?
-25
5 (base 6) to base 15
5
46 (base 8) to base 6
102
Convert -1 (base 7) to base 11.
-1
3 (base 14) to base 15
3
What is -12 (base 10) in base 8?
-14
What is 60 (base 7) in base 13?
33
What is -10 (base 5) in base 7?
-5
-22 (base 13) to base 4
-130
2 (base 4) to base 15
2
Convert 72 (base 10) to base 7.
132
-25 (base 7) to base 12
-17
-2 (base 7) to base 13
-2
What is 73 (base 10) in base 16?
49
1004 (base 5) to base 9
153
Convert -3c (base 16) to base 4.
-330
Convert 1 (base 13) to base 14.
1
13 (base 14) to base 16
11
141 (base 8) to base 12
81
-1 (base 13) to base 11
-1
Convert 1 (base 8) to base 3.
1
-72 (base 13) to base 11
-85
Convert 11 (base 8) to base 2.
1001
Convert -2 (base 14) to base 12.
-2
Convert -16 (base 16) to base 6.
-34
401 (base 6) to base 5
1040
Convert 1 (base 3) to base 14.
1
-7 (base 10) to base 3
-21
What is 2020 (base 3) in base 14?
44
Convert -1110100 (base 2) to base 7.
-224
Convert 22001 (base 3) to base 5.
1332
Convert -1 (base 14) to base 5.
-1
-1f (base 16) to base 11
-29
What is 17 (base 15) in base 4?
112
Convert -36 (base 8) to base 14.
-22
What is -20 (base 15) in base 4?
-132
What is 0 (base 15) in base 14?
0
Convert -6 (base 9) to base 16.
-6
What is 4 (base 14) in base 3?
11
Convert 110 (base 6) to base 8.
52
-61 (base 13) to base 9
-87
What is -8d (base 15) in base 9?
-157
-25 (base 9) to base 13
-1a
3 (base 16) to base 14
3
Convert -27 (base 11) to base 12.
-25
125 (base 6) to base 16
35
Convert -b (base 15) to base 10.
-11
Convert 252 (base 13) to base 6.
1513
Convert 3 (base 15) to base 2.
11
-105 (base 8) to base 13
-54
112 (base 3) to base 10
14
Convert -5 (base 7) to base 5.
-10
What is 100 (base 3) in base 2?
1001
What is -311 (base 11) in base 10?
-375
21 (base 8) to base 16
11
-3 (base 15) to base 10
-3
12122 (base 3) to base 12
108
Convert 10 (base 3) to base 2.
11
Convert 14 (base 5) to base 3.
100
2 (base 11) to base 3
2
1 (base 3) to base 4
1
-4 (base 11) to base 2
-100
111110 (base 2) to base 4
332
Convert 10 (base 7) to base 16.
7
Convert -1 (base 9) to base 8.
-1
0 (base 15) to base 14
0
What is 24 (base 9) in base 16?
16
What is -1 (base 15) in base 9?
-1
Convert -1 (base 16) to base 4.
-1
What is 9 (base 11) in base 5?
14
What is 0 (base 3) in base 5?
0
1122 (base 5) to base 14
b8
What is -224 (base 12) in base 16?
-13c
What is 10 (base 3) in base 7?
3
What is 4 (base 15) in base 14?
4
Convert 0 (base 3) to base 9.
0
d6 (base 15) to base 7
405
Convert b0 (base 14) to base 13.
bb
What is 5 (base 10) in base 13?
5
Convert -2 (base 3) to base 9.
-2
Convert 111 (base 2) to base 3.
21
What is 22 (base 6) in base 3?
112
Convert -30 (base 6) to base 4.
-102
What is 1111001 (base 2) in base 12?
a1
0 (base 7) to base 16
0
What is -102 (base 4) in base 11?
-17
-1000011 (base 2) to base 15
-47
-132 (base 7) to base 4
-1020
Convert -255 (base 9) to base 13.
-134
-56 (base 10) to base 11
-51
What is 12 (base 15) in base 4?
101
What is 2 (base 16) in base 2?
10
-3 (base 12) to base 4
-3
What is 114 (base 12) in base 9?
187
What is 113 (base 4) in base 11?
21
Convert -2 (base 6) to base 10.
-2
What is -1 (base 9) in base 13?
-1
-10010 (base 3) to base 7
-150
1 (base 14) to base 2
1
Convert 143 (base 6) to base 10.
63
11 (base 5) to base 14
6
Convert -4 (base 14) to base 6.
-4
What is 17 (base 15) in base 16?
16
-2 (base 5) to base 15
-2
What is -34 (base 14) in base 7?
-64
What is 335 (base 8) in base 3?
22012
4 (base 6) to base 5
4
What is 257 (base 10) in base 14?
145
-6 (base 14) to base 15
-6
What is -22 (base 13) in base 14?
-20
What is 2 (base 11) in base 13?
2
Convert -101 (base 2) to base 3.
-12
What is 22 (base 7) in base 8?
20
15 (base 10) to base 12
13
4 (base 5) to base 16
4
1 (base 2) to base 7
1
Convert 7 (base 11) to base 5.
12
3 (base 16) to base 4
3
Convert -7 (base 10) to base 11.
-7
What is 20 (base 9) in base 12?
16
What is -55 (base 10) in base 2?
-110111
Convert 37 (base 14) to base 11.
45
Convert -213 (base 11) to base 10.
-256
Convert 40 (base 12) to base 13.
39
What is -1011 (base 3) in base 9?
-34
Convert -1 (base 4) to base 6.
-1
Convert -46 (base 8) to base 11.
-35
Convert 73 (base 12) to base 6.
223
Convert 1 (base 9) to base 3.
1
What is 2 (base 3) in base 12?
2
What is -29 (base 12) in base 16?
-21
What is -1d (base 15) in base 5?
-103
2 (base 8) to base 4
2
Convert -12 (base 3) to base 4.
-11
1111010 (base 2) to base 15
82
Convert -15 (base 8) to base 9.
-14
What is -13 (base 15) in base 4?
-102
What is 57 (base 8) in base 4?
233
Convert 10 (base 9) to base 14.
9
Convert -301 (base 6) to base 15.
-74
What is 2 (base 6) in base 4?
2
What is -211 (base 6) in base 13?
-61
1d (base 15) to base 2
11100
Convert -9 (base 14) to base 8.
-11
What is 2 (base 4) in base 15?
2
What is -111 (base 7) in base 16?
-39
-2 (base 7) to base 4
-2
Convert 76 (base 14) to base 3.
10212
What is -113 (base 6) in base 7?
-63
Convert -8 (base 14) to base 5.
-13
Convert -57 (base 12) to base 14.
-4b
Convert -81 (base 13) to base 10.
-105
What is -11 (base 8) in base 10?
-9
What is 1011 (base 2) in base 3?
102
What is -3 (base 6) in base 16?
-3
What is 2 (base 14) in base 4?
2
-101 (base 3) to base 8
-12
What is 0 (base 6) in base 8?
0
-230 (base 4) to base 12
-38
Convert 22 (base 5) to base 4.
30
What is -1d1 (base 14) in base 7?
-1051
What is 65 (base 9) in base 7?
113
Convert 95 (base 15) to base 7.
260
What is -11 (base 4) in base 12?
-5
-8 (base 16) to base 10
-8
What is -40 (base 7) in base 4?
-130
Convert -99 (base 10) to base 11.
-90
Convert 10 (base 8) to base 10.
8
What is 4 (base 5) in base 8?
4
Convert -230 (base 4) to b